. Suppose 2*g + 97 = -2*t - p, -70 = t + 5*g. Let i = t + 120. What are the prime factors of i?
2, 5
Suppose -3*n + 38 = 2*s - 144, 72 = n - 5*s. List the prime factors of n - 7/(28/12).
59
Suppose -4*a + 5*w + 965 = -2*a, -2*a - w + 947 = 0. List the prime factors of a.
5, 19
Suppose 5 = -a, z - 5*a = 5*z + 33. Let k(u) = u**2 + 8*u + 11. Let s be k(-7). List the prime factors of (s*z)/(6/(-21)).
2, 7
Suppose -66*n + 3514 = -52*n. What are the prime factors of n?
251
Let t = -63 - -72. Let j(p) be the first derivative of 2*p**3/3 - 11*p**2/2 - 9*p + 2. What are the prime factors of j(t)?
2, 3
Suppose 2352 = 2*m - 5108. List the prime factors of m.
2, 5, 373
Suppose -m + 100 = -530. List the prime factors of (m/(-40))/((-1)/4).
3, 7
Suppose 2*w + 11088 = 30*w. What are the prime factors of w?
2, 3, 11
Suppose -233*u + 236*u - 7416 = 0. What are the prime factors of u?
2, 3, 103
Let d = -172 - -545. List the prime factors of d.
373
Let o(p) be the second derivative of 10*p - 1/3*p**4 + 0 - 1/10*p**5 + 1/2*p**3 + 0*p**2. What are the prime factors of o(-4)?
2, 13
Suppose -4*m = -2*p + 2 - 10, 3*m = 5*p + 48. Let f = -6 - p. Let l(x) = x**3 - 5*x**2 - 4*x + 14. What are the prime factors of l(f)?
2, 13
Suppose -2*f = 4*g + 3*f - 720, -3*g + 540 = 5*f. What are the prime factors of g?
2, 3, 5
Let l be (1 - (-16)/(-2))*12/(-14). List the prime factors of l/(-27) + (-48)/(-27)*17.
2, 3, 5
Let v(u) = -5*u + 20. Let m be 386/(-26) - ((-18)/(-39))/3. List the prime factors of v(m).
5, 19
Suppose -258*x + 10720 = -250*x. What are the prime factors of x?
2, 5, 67
Let k be (-200)/34 - (-9)/((-459)/6). List the prime factors of (435/(-2))/(-1) + (-3)/k.
2, 109
Let s = -10 + 15. Suppose -g + s*g + c = 76, 4*g - 60 = -5*c. Let j = -14 + g. List the prime factors of j.
2, 3
Suppose 1 + 3 = b. Suppose z + b*z = -120. What are the prime factors of (z/(-32))/(6/16)?
2
Let t = 2092 + -99. What are the prime factors of t?
1993
Let q = -52 - -66. Suppose 3*j = -4*g - 375 - 266, -5*j = 5*g + 805. List the prime factors of 10/(-35) - g/q.
11
Let l(h) = 2*h + 17. Let f be l(8). Suppose -f*n + 34*n = 56. List the prime factors of n.
2, 7
Let d(x) = 4*x**3 + 3*x**2 + x + 15. Let q(v) = v**3 + v**2 + 4. Let k(j) = -2*d(j) + 9*q(j). What are the prime factors of k(3)?
2, 3
Suppose h - 4*h = 12. Let u be 0 + h/4 + 20. Let n = 42 - u. List the prime factors of n.
23
Suppose -n - 2 = -2*n. Let a be n/(-9) + 6/27. Let q = 30 - a. What are the prime factors of q?
2, 3, 5
Suppose i + 5*d = 2232, -4*d + 4511 = 3*i - 2130. List the prime factors of i.
2207
Suppose 2*n + 1120 = 5*x - 3*n, 2*x + 2*n = 448. Suppose -i - 3*i = x. List the prime factors of 36/7*i/(-16).
2, 3
Let j(b) = 138*b**2 + 2*b. What are the prime factors of j(1)?
2, 5, 7
Suppose -3*f - 4*o = -2179, -o + 6*o - 20 = 0. What are the prime factors of f?
7, 103
Let g = 302 - 196. List the prime factors of g.
2, 53
Let p be 3/(-15) + (-20544)/(-20). What are the prime factors of p/7 - (-12)/42?
3, 7
Suppose i + 4*d = 16, 3*d = 4*i + d - 10. What are the prime factors of 246/i - (-6)/4?
3, 7
Suppose -5*g + 4*g = 220. List the prime factors of 3/(3 - (-648)/g).
5, 11
Let x(w) = w**3 + 7*w**2 - 2*w - 14. Let q be x(-7). Suppose q = -12*k + 18*k - 570. What are the prime factors of k?
5, 19
What are the prime factors of 0 - (-85 - -4)/3?
3
Suppose 7*l + 8 = -l. Let u = l - -26. What are the prime factors of u?
5
Let n be 23/46 + 650/4. Let o = n + -5. List the prime factors of o.
2, 79
Let u(t) = -t**2 - 7*t + 3. Suppose -15 + 12 = h. Let w be u(h). Suppose -20*n = -w*n - 100. What are the prime factors of n?
2, 5
Let b = 13 + 14. Let h = -24 + b. Suppose 0*s - 80 = -n + 5*s, -2*n + 125 = -h*s. What are the prime factors of n?
5, 11
Let d(l) = 4*l**2 + 18*l - 3. Let f = 20 + -27. What are the prime factors of d(f)?
67
What are the prime factors of ((-2061)/(-6))/((-10)/(-40))?
2, 3, 229
Let t be (2 - -2)*41 - 0. Let w = 299 - t. Let x = w - 87. What are the prime factors of x?
2, 3
Let b = 1747 + -615. What are the prime factors of b?
2, 283
Let z = -3 - 1. Let g be (2/z - -1)*0. What are the prime factors of (2 - g)*92/8?
23
Suppose 0 = -12*m + 2408 + 868. What are the prime factors of m?
3, 7, 13
Let n = 94 - 91. Suppose -n*j + 8*j - 890 = 0. List the prime factors of j.
2, 89
Suppose -5*p = -0*p. Suppose c + 3*x - 6*x + 4 = p, 4*x = -c + 17. Suppose -l - c*l + 222 = 0. List the prime factors of l.
37
Let v(o) = 2*o**2 - 4*o + 5. Suppose 4*p + 16 = -2*f - 3*f, 14 = -4*f - 2*p. List the prime factors of v(f).
53
Suppose -12 = -3*v + v - 4*k, -4*k = -4*v + 84. Suppose -17*f + v*f + 18 = 0. Suppose 25 = -5*b, -u + f - 6 = b. List the prime factors of u.
17
Let w = -1943 - -2881. List the prime factors of w.
2, 7, 67
Let r = -35 + 35. Suppose r = -10*d + 9*d + 135. Let x = -95 + d. What are the prime factors of x?
2, 5
Suppose -4 = 7*l - 9*l. Suppose 5 = z - l*z, 15 = -5*n - 2*z. What are the prime factors of n/5 + 291/5?
2, 29
Let f(v) = 3*v**2 + 8*v - 14. Let j be f(-7). Suppose r = -3*x + j, 0*x + 149 = 2*r + 5*x. List the prime factors of r.
2, 31
Let k be (-5 + 4 + 419)/1. Let t = k + -184. What are the prime factors of t?
2, 3, 13
Suppose n = 5 + 1. Suppose n*y = 2*y + 332. List the prime factors of y.
83
Let y = 1 + 30. Let r = -57 + y. Let l = r - -36. What are the prime factors of l?
2, 5
Suppose 5*z - 14 = 6. Let q = z - 11. List the prime factors of 6/21 + (-145)/q.
3, 7
Let d(z) = z**2 - 5*z + 6. Let y be d(4). Suppose 4*n + 1 = -t + 18, n = -t + y. Let v(i) = 4*i - 7. What are the prime factors of v(n)?
13
Let y(f) = f**2 + 6*f + 2. Let h be y(-6). Suppose d + 2*p = -h*p + 164, 4*d + 3*p = 591. What are the prime factors of d?
2, 3
Let a = -94 - -98. Suppose 5*l = 25, -a*w + 3*l + 243 = -98. List the prime factors of w.
89
Let k(f) = f**2 + 4*f + 2. Suppose 3*r - 4 = -16. Let w be k(r). Suppose o = -3*c - o + 59, 2*c - 38 = -w*o. What are the prime factors of c?
3, 7
Suppose 2*s + 2 = l - 1, -2 = -4*l - 2*s. Let k = -264 - -245. List the prime factors of k*(-2 - (-2 + l)).
19
List the prime factors of (-7)/(196/(-1386))*16/6.
2, 3, 11
Let s(m) = -11*m - 2. Let a(d) = -2*d + 17. Let o be a(9). Let r be s(o). List the prime factors of 29/r - (-12)/(-54).
3
Let n = 24 - 26. Let k(c) = -5*c**2 + 3*c + 4. Let v be k(n). Let t = 36 + v. List the prime factors of t.
2, 7
Let l = -339 - -1720. List the prime factors of l.
1381
Suppose -37*l = 1050 - 13741. List the prime factors of l.
7
Let x be (-1)/5 + 384/(-80). List the prime factors of (x - -5) + -5 - -10.
5
Let r(z) = -2*z**3 + 31*z**2 + 26*z - 23. What are the prime factors of r(16)?
137
Suppose 4716 - 33306 = -15*s. What are the prime factors of s?
2, 953
Suppose 51*s + 24 = -2*y + 46*s, -5*s = -2*y - 24. Let r(q) = -q**2 - 216. Let o be r(0). List the prime factors of o/(-10) - y/30.
2, 11
Let s(y) = -y**2 - 2*y - 5. Let v be s(5). Let q = v - -112. Suppose -q = -4*i + i. List the prime factors of i.
2, 3
Let x(p) = -p**3 + 10*p**2 + 12*p - 9. Let u be x(11). Let t(a) = a**2 - 3*a + 58. Let b be t(0). Suppose -u*k + b = 18. List the prime factors of k.
2, 5
Let s be ((-9)/(-2))/(1/4). List the prime factors of (-362)/(-5) + s/(-45).
2, 3
Let x = 13 + -16. Let a be 1/(0 + -2 - x). What are the prime factors of a*(72/3 - -2)?
2, 13
Let n be (-1)/7 + -4 + 1272/(-14). What are the prime factors of 1 - (-4 + 6) - n?
2, 47
Let o be 0/(-1)*4/(-4). Let i = o - -9. List the prime factors of i.
3
Let i = 42 + 30. Suppose 5*z - 4*z - i = 0. Suppose -4*o + z = -o. What are the prime factors of o?
2, 3
Let d(q) be the first derivative of 2*q**3/3 - q**2 - q + 4. Let j be d(2). Suppose -3*u = -l - 61, -85 = -5*u - j*l + 12. List the prime factors of u.
2, 5
Suppose 3*v - 6993 = -34*v. List the prime factors of v.
3, 7
Let s = 51 + -49. Suppose -4*k + 2*o + 440 = -s*o, -5*k - 2*o + 571 = 0. What are the prime factors of k?
113
Let f = 51 + -64. What are the prime factors of (-8)/20*-5 - f?
3, 5
Let h(p) = p**2 + p - 6. Let f be h(-5). Let k = -271 - -277. What are the prime factors of (-4)/k - f/(-3)?
2
Suppose 8*v + 4*l = 6*v + 644, 320 = v + 3*l. What are the prime factors of v?
2, 163
Let x(l) = -l. Let a be x(-4). Suppose 2*h - a*h = -6. Suppose -7 + h = -j. What a